{"id":2,"date":"2015-09-16T04:24:25","date_gmt":"2015-09-16T04:24:25","guid":{"rendered":"http:\/\/wp431m.a10-52-158-154.qa.plesk.ru\/wordpress\/?page_id=2"},"modified":"2026-03-30T12:37:37","modified_gmt":"2026-03-30T12:37:37","slug":"sample-page","status":"publish","type":"page","link":"https:\/\/grabser-choere.ch\/wordpress\/","title":{"rendered":"Willkommen bei den Grabser Ch\u00f6ren"},"content":{"rendered":"\n<p><strong>Sa 28. M\u00e4rz: Konzert MC Grabs &#8222;Fernweh&#8220;<\/strong><br>Bericht W&amp;O (<a href=\"https:\/\/grabser-choere.ch\/wordpress\/wp-content\/uploads\/2026\/03\/Konzert-28Mrz-Bericht-WundO.pdf\">Zeitungsseite als PDF zum Download<\/a>) \/ (<a href=\"https:\/\/grabser-choere.ch\/wordpress\/wp-content\/uploads\/2026\/02\/Programm-Flyer-Fernweh-MCGrabs-Mrz2026.pdf\">Programm-Flyer-PDF<\/a>)<\/p>\n\n\n\n<figure class=\"wp-block-image size-large\"><a href=\"https:\/\/grabser-choere.ch\/wordpress\/wp-content\/uploads\/2026\/03\/Konzert-28Mrz-WundO-Bild.jpg\"><img loading=\"lazy\" decoding=\"async\" width=\"687\" height=\"1024\" src=\"https:\/\/grabser-choere.ch\/wordpress\/wp-content\/uploads\/2026\/03\/Konzert-28Mrz-WundO-Bild-687x1024.jpg\" alt=\"\" class=\"wp-image-974\" srcset=\"https:\/\/grabser-choere.ch\/wordpress\/wp-content\/uploads\/2026\/03\/Konzert-28Mrz-WundO-Bild-687x1024.jpg 687w, https:\/\/grabser-choere.ch\/wordpress\/wp-content\/uploads\/2026\/03\/Konzert-28Mrz-WundO-Bild-201x300.jpg 201w, https:\/\/grabser-choere.ch\/wordpress\/wp-content\/uploads\/2026\/03\/Konzert-28Mrz-WundO-Bild-768x1145.jpg 768w, https:\/\/grabser-choere.ch\/wordpress\/wp-content\/uploads\/2026\/03\/Konzert-28Mrz-WundO-Bild-624x931.jpg 624w, https:\/\/grabser-choere.ch\/wordpress\/wp-content\/uploads\/2026\/03\/Konzert-28Mrz-WundO-Bild.jpg 800w\" sizes=\"auto, (max-width: 687px) 100vw, 687px\" \/><\/a><\/figure>\n\n\n\n<figure class=\"wp-block-gallery has-nested-images columns-default is-cropped wp-block-gallery-1 is-layout-flex wp-block-gallery-is-layout-flex\"><\/figure>\n\n\n\n<div class=\"wp-block-columns is-layout-flex wp-container-core-columns-is-layout-9d6595d7 wp-block-columns-is-layout-flex\">\n<div class=\"wp-block-column is-layout-flow wp-block-column-is-layout-flow\" style=\"flex-basis:100%\">\n<div class=\"wp-block-columns is-layout-flex wp-container-core-columns-is-layout-9d6595d7 wp-block-columns-is-layout-flex\">\n<div class=\"wp-block-column is-layout-flow wp-block-column-is-layout-flow\" style=\"flex-basis:100%\">\n<div class=\"wp-block-columns is-layout-flex wp-container-core-columns-is-layout-9d6595d7 wp-block-columns-is-layout-flex\">\n<div class=\"wp-block-column is-layout-flow wp-block-column-is-layout-flow\" style=\"flex-basis:100%\">\n<div class=\"wp-block-columns is-layout-flex wp-container-core-columns-is-layout-9d6595d7 wp-block-columns-is-layout-flex\">\n<div class=\"wp-block-column is-layout-flow wp-block-column-is-layout-flow\" style=\"flex-basis:100%\">\n<div class=\"wp-block-group\"><div class=\"wp-block-group__inner-container is-layout-constrained wp-block-group-is-layout-constrained\">\n<div class=\"wp-block-columns is-layout-flex wp-container-core-columns-is-layout-9d6595d7 wp-block-columns-is-layout-flex\">\n<div class=\"wp-block-column is-layout-flow wp-block-column-is-layout-flow\" style=\"flex-basis:100%\">\n<figure class=\"wp-block-gallery has-nested-images columns-default is-cropped wp-block-gallery-2 is-layout-flex wp-block-gallery-is-layout-flex\"><\/figure>\n<\/div>\n<\/div>\n<\/div><\/div>\n<\/div>\n<\/div>\n<\/div>\n<\/div>\n<\/div>\n<\/div>\n<\/div>\n<\/div>\n\n\n\n<blockquote class=\"wp-block-quote is-layout-flow wp-block-quote-is-layout-flow\">\n<p><\/p>\n\n\n\n<p><\/p>\n\n\n\n<p>Mehrere Ch\u00f6re bereichern das kulturelle Leben der <a href=\"http:\/\/www.grabs.ch\/\" target=\"_blank\" rel=\"noopener noreferrer\"><u><span style=\"color: #006699;\">Gemeinde Grabs<\/span><\/u><\/a>: Ein Jodlerclub, ein Gemischtchor, ein M\u00e4nnerchor und ein Kinderjodelchor.<\/p>\n\n\n\n<p>Treten Sie ein in die Websites der einzelnen Ch\u00f6re, indem Sie das entsprechendes Bild unten anklicken!<\/p>\n\n\n\n<p>Viel Spass w\u00fcnschen<\/p>\n\n\n\n<p>Die Grabser Ch\u00f6re<\/p>\n<\/blockquote>\n\n\n\n<p><\/p>\n\n\n\n<p><\/p>\n\n\n\n<figure class=\"wp-block-table aligncenter\"><table><tbody><tr><td><span style=\"color: #000000; font-family: Calibri;\">M\u00e4nnerchor Grabs<\/span><br><a href=\"http:\/\/grabser-choere.ch\/mc\" target=\"_blank\" rel=\"noopener noreferrer\"><img loading=\"lazy\" decoding=\"async\" class=\"alignnone wp-image-440 \" src=\"http:\/\/grabser-choere.ch\/wordpress\/wp-content\/uploads\/2019\/09\/mc-grabs-klein.jpg\" alt=\"\" width=\"225\" height=\"156\"><\/a><\/td><td><span style=\"color: #000000; font-family: Calibri;\">Jodlerklub Bergfinkli<\/span><span style=\"color: #000000; font-family: Calibri;\"><br><a href=\"http:\/\/www.bergfinkli.ch\" target=\"_blank\" rel=\"noopener noreferrer\"><img loading=\"lazy\" decoding=\"async\" class=\"alignnone wp-image-573 \" src=\"http:\/\/grabser-choere.ch\/wordpress\/wp-content\/uploads\/2019\/11\/bergfinkli.jpg\" alt=\"\" width=\"230\" height=\"160\"><\/a><\/span><\/td><\/tr><tr><td><span style=\"color: #000000; font-family: Calibri;\">Gemischt Chor Grabs<\/span><span style=\"color: #000000; font-family: Calibri;\"><br><a href=\"http:\/\/gemischt-chor-grabs-und-umgebung.blogspot.ch\/\" target=\"_blank\" rel=\"noopener noreferrer\"><img loading=\"lazy\" decoding=\"async\" class=\"alignnone wp-image-15 \" src=\"http:\/\/grabser-choere.ch\/wordpress\/wp-content\/uploads\/2015\/11\/gemischtchor-15-e1446500699147.jpg\" alt=\"gemischtchor-15\" width=\"224\" height=\"156\"><\/a><\/span><\/td><td><span style=\"color: #000000; font-family: Calibri;\">Kinderjodelch\u00f6rli Grabs<br><\/span><a href=\"https:\/\/kinderjodelchoerli-grabs.jimdo.com\/\" target=\"_blank\" rel=\"noopener noreferrer\"><img loading=\"lazy\" decoding=\"async\" class=\"alignnone wp-image-377 \" src=\"http:\/\/grabser-choere.ch\/wordpress\/wp-content\/uploads\/2018\/05\/kinderjodelchoerligrabs.jpg\" alt=\"\" width=\"226\" height=\"157\"><\/a><\/td><\/tr><tr><td>&nbsp;<\/td><td>&nbsp;<\/td><\/tr><\/tbody><\/table><\/figure>\n\n\n\n<p><\/p>\n","protected":false},"excerpt":{"rendered":"<p>Sa 28. M\u00e4rz: Konzert MC Grabs &#8222;Fernweh&#8220;Bericht W&amp;O (Zeitungsseite als PDF zum Download) \/ (Programm-Flyer-PDF) Mehrere Ch\u00f6re bereichern das kulturelle Leben der Gemeinde Grabs: Ein Jodlerclub, ein Gemischtchor, ein M\u00e4nnerchor und ein Kinderjodelchor. Treten Sie ein in die Websites der einzelnen Ch\u00f6re, indem Sie das entsprechendes Bild unten anklicken! Viel Spass w\u00fcnschen Die Grabser Ch\u00f6re [&hellip;]<\/p>\n","protected":false},"author":1,"featured_media":0,"parent":0,"menu_order":0,"comment_status":"closed","ping_status":"open","template":"","meta":{"footnotes":""},"class_list":["post-2","page","type-page","status-publish","hentry"],"_links":{"self":[{"href":"https:\/\/grabser-choere.ch\/wordpress\/wp-json\/wp\/v2\/pages\/2","targetHints":{"allow":["GET"]}}],"collection":[{"href":"https:\/\/grabser-choere.ch\/wordpress\/wp-json\/wp\/v2\/pages"}],"about":[{"href":"https:\/\/grabser-choere.ch\/wordpress\/wp-json\/wp\/v2\/types\/page"}],"author":[{"embeddable":true,"href":"https:\/\/grabser-choere.ch\/wordpress\/wp-json\/wp\/v2\/users\/1"}],"replies":[{"embeddable":true,"href":"https:\/\/grabser-choere.ch\/wordpress\/wp-json\/wp\/v2\/comments?post=2"}],"version-history":[{"count":74,"href":"https:\/\/grabser-choere.ch\/wordpress\/wp-json\/wp\/v2\/pages\/2\/revisions"}],"predecessor-version":[{"id":980,"href":"https:\/\/grabser-choere.ch\/wordpress\/wp-json\/wp\/v2\/pages\/2\/revisions\/980"}],"wp:attachment":[{"href":"https:\/\/grabser-choere.ch\/wordpress\/wp-json\/wp\/v2\/media?parent=2"}],"curies":[{"name":"wp","href":"https:\/\/api.w.org\/{rel}","templated":true}]}}