{"id":42,"date":"2015-11-03T13:47:53","date_gmt":"2015-11-03T13:47:53","guid":{"rendered":"http:\/\/grabser-choere.ch\/wordpress\/?page_id=42"},"modified":"2019-11-19T15:03:59","modified_gmt":"2019-11-19T15:03:59","slug":"choere","status":"publish","type":"page","link":"https:\/\/grabser-choere.ch\/wordpress\/choere\/","title":{"rendered":"Ch\u00f6re"},"content":{"rendered":"<table style=\"height: 424px;\" border=\"0\" width=\"475\" cellspacing=\"0\" cellpadding=\"0\">\n<colgroup>\n<col span=\"2\" width=\"80\" \/><\/colgroup>\n<tbody>\n<tr>\n<td width=\"80\" height=\"20\"><span style=\"color: #000000; font-family: Calibri;\">M\u00e4nnerchor Grabs<\/span><\/p>\n<p><a href=\"http:\/\/grabser-choere.ch\/mc\" target=\"_blank\" rel=\"noopener noreferrer\"><img loading=\"lazy\" decoding=\"async\" class=\"alignnone wp-image-440 size-full\" src=\"http:\/\/grabser-choere.ch\/wordpress\/wp-content\/uploads\/2019\/09\/mc-grabs-klein.jpg\" alt=\"\" width=\"170\" height=\"118\" \/><\/a><\/td>\n<td width=\"80\"><span style=\"color: #000000; font-family: Calibri;\">Jodlerklub Bergfinkli<\/span><\/p>\n<p><span style=\"color: #000000; font-family: Calibri;\"><a href=\"http:\/\/www.bergfinkli.ch\" target=\"_blank\" rel=\"noopener noreferrer\" data-wplink-edit=\"true\"><img loading=\"lazy\" decoding=\"async\" class=\"alignnone wp-image-573 size-full\" src=\"http:\/\/grabser-choere.ch\/wordpress\/wp-content\/uploads\/2019\/11\/bergfinkli.jpg\" alt=\"\" width=\"170\" height=\"118\" \/><\/a><\/span><\/td>\n<\/tr>\n<tr>\n<td height=\"20\"><span style=\"color: #000000; font-family: Calibri;\">Gemischt Chor Grabs u.U.<\/span><\/p>\n<p><span style=\"color: #000000; font-family: Calibri;\"><a href=\"http:\/\/gemischt-chor-grabs-und-umgebung.blogspot.ch\/\"><img loading=\"lazy\" decoding=\"async\" class=\"alignnone size-full wp-image-15\" src=\"http:\/\/grabser-choere.ch\/wordpress\/wp-content\/uploads\/2015\/11\/gemischtchor-15-e1446500699147.jpg\" alt=\"gemischtchor-15\" width=\"170\" height=\"118\" \/><\/a><\/span><\/td>\n<td><span style=\"color: #000000; font-family: Calibri;\">Kinderjodelch\u00f6rli Grabs<\/span><\/p>\n<p><a href=\"https:\/\/kinderjodelchoerli-grabs.jimdo.com\/\"><img loading=\"lazy\" decoding=\"async\" class=\"alignnone wp-image-377 size-full\" src=\"http:\/\/grabser-choere.ch\/wordpress\/wp-content\/uploads\/2018\/05\/kinderjodelchoerligrabs.jpg\" alt=\"\" width=\"170\" height=\"118\" \/><\/a><\/td>\n<\/tr>\n<tr>\n<td height=\"20\"><\/td>\n<td><\/td>\n<\/tr>\n<\/tbody>\n<\/table>\n<p>Grabser Jassmeisterschaft (Organisation M\u00e4nnerchor Grabs)<\/p>\n<p><a href=\"http:\/\/www.grabser-jassmeisterschaft.ch\" target=\"_blank\" rel=\"noopener noreferrer\"><img loading=\"lazy\" decoding=\"async\" class=\"alignnone wp-image-335 size-medium\" src=\"http:\/\/grabser-choere.ch\/wordpress\/wp-content\/uploads\/2017\/01\/jassmeisterschaft-banner34-300x42.jpg\" alt=\"\" width=\"300\" height=\"42\" srcset=\"https:\/\/grabser-choere.ch\/wordpress\/wp-content\/uploads\/2017\/01\/jassmeisterschaft-banner34-300x42.jpg 300w, https:\/\/grabser-choere.ch\/wordpress\/wp-content\/uploads\/2017\/01\/jassmeisterschaft-banner34.jpg 600w\" sizes=\"auto, (max-width: 300px) 100vw, 300px\" \/><\/a><\/p>\n","protected":false},"excerpt":{"rendered":"<p>M\u00e4nnerchor Grabs Jodlerklub Bergfinkli Gemischt Chor Grabs u.U. Kinderjodelch\u00f6rli Grabs Grabser Jassmeisterschaft (Organisation M\u00e4nnerchor Grabs)<\/p>\n","protected":false},"author":1,"featured_media":0,"parent":0,"menu_order":0,"comment_status":"closed","ping_status":"closed","template":"","meta":{"footnotes":""},"class_list":["post-42","page","type-page","status-publish","hentry"],"_links":{"self":[{"href":"https:\/\/grabser-choere.ch\/wordpress\/wp-json\/wp\/v2\/pages\/42","targetHints":{"allow":["GET"]}}],"collection":[{"href":"https:\/\/grabser-choere.ch\/wordpress\/wp-json\/wp\/v2\/pages"}],"about":[{"href":"https:\/\/grabser-choere.ch\/wordpress\/wp-json\/wp\/v2\/types\/page"}],"author":[{"embeddable":true,"href":"https:\/\/grabser-choere.ch\/wordpress\/wp-json\/wp\/v2\/users\/1"}],"replies":[{"embeddable":true,"href":"https:\/\/grabser-choere.ch\/wordpress\/wp-json\/wp\/v2\/comments?post=42"}],"version-history":[{"count":31,"href":"https:\/\/grabser-choere.ch\/wordpress\/wp-json\/wp\/v2\/pages\/42\/revisions"}],"predecessor-version":[{"id":574,"href":"https:\/\/grabser-choere.ch\/wordpress\/wp-json\/wp\/v2\/pages\/42\/revisions\/574"}],"wp:attachment":[{"href":"https:\/\/grabser-choere.ch\/wordpress\/wp-json\/wp\/v2\/media?parent=42"}],"curies":[{"name":"wp","href":"https:\/\/api.w.org\/{rel}","templated":true}]}}